13)/2?
2, 3
Let g(c) = -c**2 + 5*c - 1. Let f be g(4). Suppose 5*r - j - 96 = 0, 3*r - 45 - 3 = f*j. What are the prime factors of r?
2, 5
Suppose -2*o - o + 48 = 0. Let m = o - 3. What are the prime factors of m?
13
Let r(k) = -15*k**3 + k**2 - 11*k + 11. Let p(h) = -8*h**3 + h**2 - 6*h + 6. Let g(u) = -11*p(u) + 6*r(u). What are the prime factors of g(-4)?
2, 3
Suppose 0 = -4*a + 650 - 162. List the prime factors of a.
2, 61
Suppose -5*j = 2*s - 23, 0*j + s = 4*j - 8. Suppose j*m = -5*k - 15, m + 3*k + 8 + 1 = 0. Suppose -3*z + m*z + 18 = 0. What are the prime factors of z?
2, 3
Let d be (5 + -5)/(-2 + 1). List the prime factors of d - 3/1 - -13.
2, 5
Let q(n) = n**2 + 11*n + 12. What are the prime factors of q(-12)?
2, 3
Let n = -5 - -3. List the prime factors of 5/((-5)/n) - -16.
2, 3
Let p(g) = -g**3 + 5*g**2 - 2*g + 4. Let b be p(4). Suppose 0 = 4*f - d - 3*d, -4*d = -b. What are the prime factors of f?
3
Suppose -3*y = 4*w - 92, -4*w + 109 - 1 = -y. Suppose 0 = -4*b + 42 + w. List the prime factors of b.
17
Let f = 18 + 124. What are the prime factors of f?
2, 71
Let f(y) = 8*y**3 + 2*y**2 - 2*y + 1. Let u be f(1). Let h be 56/u - 10/45. Let i(q) = q**3 - 6*q**2 + 4*q - 4. What are the prime factors of i(h)?
2, 5
What are the prime factors of (-2364)/(-14) - (2 + 75/(-35))?
13
Let z(v) = -6*v - 14. List the prime factors of z(-6).
2, 11
Let x(t) = t + 8. Let d be x(-6). Suppose 5*c + 2*a = -d*a + 75, -2*a + 28 = 2*c. List the prime factors of c.
19
Suppose 4*q + 4 = 0, 6*k - k - 213 = -2*q. List the prime factors of k.
43
Let v = -5 - -25. List the prime factors of v.
2, 5
Let x(p) = 2*p + 58. What are the prime factors of x(0)?
2, 29
What are the prime factors of (-5 + 15)*52/10?
2, 13
Let d(g) = g**3 + 11*g**2 + 8*g + 11. Let q be d(-10). Let b = 46 - q. List the prime factors of b.
3, 5
Suppose -6*m + 10*m - 8 = 0. Suppose 4 + 186 = 5*g - o, -3*g - m*o = -127. List the prime factors of g.
3, 13
Let d(q) = -q - 5*q + 8*q + 12*q - 1. List the prime factors of d(1).
13
Let v(h) = 11*h**2 + 8*h - 10. What are the prime factors of v(4)?
2, 3, 11
Let x = -81 - -153. What are the prime factors of x?
2, 3
Suppose -4*q - 9 = -149. List the prime factors of q.
5, 7
Let s = 217 + -28. What are the prime factors of s?
3, 7
Let k = 9 - -7. List the prime factors of k.
2
Suppose j = -j - 14. Let r(u) = u**2 + 5*u - 9. Let q be r(j). Suppose -42 = -q*h + 2*h. List the prime factors of h.
2, 7
Suppose -5*y + 23 = -37. List the prime factors of y.
2, 3
Suppose -4*z + 14 = -2*z. Let b = 12 - z. Suppose 18 = b*r - 3*r. What are the prime factors of r?
3
Let s be (-176)/(-6) - (-2)/(-6). Let r = -48 + s. Let i = r - -27. List the prime factors of i.
2
Let x(n) be the second derivative of -n**5/20 + n**4/12 + n**3/6 + 7*n**2/2 + 4*n. Suppose 0 = -b + 2*b. What are the prime factors of x(b)?
7
Let i = 16 + -13. What are the prime factors of i?
3
Suppose v = 6 + 12. Suppose a = -a + v. What are the prime factors of a?
3
Suppose 3*w + 3 = -2*k, 2*k - 5*k - 4*w - 3 = 0. Let c = k + 1. What are the prime factors of c?
2
Let z = -174 + 246. What are the prime factors of z?
2, 3
Suppose 0*m - 5*m + 5 = 0. Let s(p) be the third derivative of p**4/4 + p**3/6 - 10*p**2. List the prime factors of s(m).
7
Suppose q + 3*q = 56. What are the prime factors of (21/q)/(1/2)?
3
List the prime factors of 64/16 + 2 + 0.
2, 3
Suppose -2*h - 4*u = 0, 2*h + 0*u - 3*u = 7. Suppose -2*c = -h*k - 16, -2*c = -3*k - 25 + 7. List the prime factors of c.
2, 3
Let g be 2/5 + 7832/20. Suppose a + 3*a = -5*k + g, -5*k + 386 = 2*a. Suppose 93 = r + 4*r + 3*b, -4*r = 2*b - k. List the prime factors of r.
3, 7
Suppose 29*r - 660 = 25*r. List the prime factors of r.
3, 5, 11
Suppose -3*u + 12 = -0*u. Suppose 0 = -2*d + u - 0. Let f = 17 - d. List the prime factors of f.
3, 5
Let p be (-2)/4 + 129/(-6). Let s be (-4)/(-6) + p/6. What are the prime factors of s/(-27)*3*21?
7
Suppose -2*f - 3 - 41 = 0. Let i = f + 41. List the prime factors of i.
19
Let i(q) = -q**3 + 4*q**2 - 3*q + 3. Let k be i(3). Suppose j = -4*s + 87, k*j - 47 + 131 = 3*s. What are the prime factors of s?
23
Let p be (10/15)/((-3)/(-27)). Let d(q) = q**2 - q - 5. List the prime factors of d(p).
5
Let t = -112 + 325. List the prime factors of t.
3, 71
Let a be (-14)/(-2)*(-72)/(-28). List the prime factors of a - (-1)/(-2)*6.
3, 5
Suppose 0 = 2*s - 8, -5*h + h - 4*s = -32. Let v = h + 1. What are the prime factors of v?
5
Suppose 4*v - 9*v + 15 = 0. Suppose 0 = -n - 2, 3*b + v*n - 4*n - 23 = 0. What are the prime factors of b?
7
Let a(h) = -3*h**2 + 6*h. Let j be a(4). What are the prime factors of (-280)/j + (-1)/(-3)?
2, 3
Let p be (-18)/45 + (-103)/5. What are the prime factors of 115/3 - 14/p?
3, 13
Let w(u) = -5*u - 2. Let a be w(-5). Let x = -11 + a. List the prime factors of x.
2, 3
List the prime factors of 0 - ((-196)/(-2))/(-2 - -1).
2, 7
Let y(p) = -p**2 + 4*p. List the prime factors of y(3).
3
Suppose -d + 3*z + 0*z = -5, 5*d = -5*z + 5. Let x be -2*d/(-4)*2. What are the prime factors of (-14)/(-8)*(2 + x)?
7
Let d be -3 + -29 - (-1 + 1). Suppose l = 4*l - 135. Let a = l + d. List the prime factors of a.
13
Suppose -2*h = t - 6 - 2, 3*h = -4*t + 22. Suppose h*p - 80 = -3*p. What are the prime factors of p?
2
Suppose 6*y + 88 = 8*y. What are the prime factors of y?
2, 11
Suppose -36*p = -35*p - 14. List the prime factors of p.
2, 7
List the prime factors of (-1)/(-6 - (-113)/19).
19
Suppose -3 = -2*y - h - 5, h = 3*y + 8. List the prime factors of ((-1)/y)/((-1)/(-14)).
7
Suppose 2*a + 287 = 9*a. What are the prime factors of a?
41
Let r(a) = -4*a + 2. Let c(q) = 3*q - 2. Let v be 0 - 2 - (0 + 2). Let f(b) = v*r(b) - 5*c(b). What are the prime factors of f(3)?
5
Suppose 3*t = z - 49 + 2, -5*z = -2*t - 170. List the prime factors of z.
2
What are the prime factors of (-2274)/(-24) + (-1)/(-4)?
5, 19
Suppose 2*s + 3*g - 66 = s, -230 = -4*s + 5*g. What are the prime factors of s?
2, 3, 5
Let j(n) = 15*n**2 + 5*n - 4. What are the prime factors of j(3)?
2, 73
What are the prime factors of -2 + (276/(-2))/(-3)?
2, 11
Suppose 3*z - 10 - 5 = 0. Let p = -1 + z. What are the prime factors of (-53)/(-6) + p/24?
3
Let n(y) = -6*y + 7. Let z(l) = 11*l - 14. Let m(i) = -5*n(i) - 3*z(i). Let g be m(-8). Suppose w = 5*q - 97, 4 = -q + 4*w + g. What are the prime factors of q?
19
Suppose -4*d - 4*s + 284 = 0, 0 = -5*d + s + 121 + 222. List the prime factors of d.
3, 23
Suppose -4*j + 8 = 4*d, -d - 8 = 3*j - 2. Suppose -42 - d = -2*w. List the prime factors of w.
2, 3
Let n be 2/1 + 319 + -1. What are the prime factors of ((-9)/12)/((-5)/n)?
2, 3
Let k(q) = 37*q**2 - q - 5. What are the prime factors of k(2)?
3, 47
Let w(f) be the first derivative of -f**5/20 + f**3/6 + f + 2. Let t(g) be the first derivative of w(g). List the prime factors of t(-2).
2, 3
Suppose -7*p + 3*p = -700. Suppose -2*k + 5*a + p = 3*k, 0 = 4*a + 16. What are the prime factors of k?
31
Let k be (4/5)/((-3)/(-75)). Suppose 2*i - k = 20. Suppose -5*c = 3*w - 26 + 1, -2*w + i = 5*c. What are the prime factors of c?
2
What are the prime factors of 26/65 - (-343)/5?
3, 23
Suppose 7 = 5*x + 2. Suppose -5 = -b - x. Suppose 16 = 6*o - b*o. What are the prime factors of o?
2
Let q(y) = -y**2 - 17*y + 13. What are the prime factors of q(-16)?
29
Let q be (3 - (-6)/(-9))*-6. What are the prime factors of (-680)/(-18) + q/(-63)?
2, 19
Let t(h) be the third derivative of -h**4 - h**3/3 + 2*h**2. What are the prime factors of t(-2)?
2, 23
Suppose 8*f - 3*f = 3*g + 517, -3*f - 4*g = -316. Suppose -2*b + f = 3*b - y, 0 = -3*b - 2*y + 65. What are the prime factors of b?
3, 7
Let p = 3 + 6. List the prime factors of p.
3
Let w be (-8)/((-5)/(15/6)). Suppose 0 = -g - w*g + 35. What are the prime factors of g?
7
Let t be 3 - 2 - (32 - 1). Let o = -18 - t. What are the prime factors of o?
2, 3
Suppose 3 = -2*p + 2*b + 5, b + 7 = 2*p. Let u(q) = q**2 - 5*q + 8. What are the prime factors of u(p)?
2, 7
Suppose -2*d + 4 = -3*d + 4*a, 0 = a - 3. Suppose 0 = -d*l - 2 + 66. List the prime factors of l.
2
Let s(q) = -4*q**3 - 4*q**2 - 2*q + 2. Let x be s(-3). Let b = x - 20. Suppose 6*d - b = d. What are the prime factors of d?
2, 3
Let u(n) be the first derivative of -n**5/